20010
Convert -3302130 (base 4) to base 2.
-11110010011100
Convert 11100011111111 (base 2) to base 16.
38ff
What is 2233 (base 10) in base 2?
100010111001
What is 970a (base 12) in base 9?
24651
What is 2101201002 (base 3) in base 11?
32493
What is 231313 (base 4) in base 14?
10d9
Convert -3104 (base 13) to base 15.
-200e
What is 1001201012 (base 3) in base 10?
20930
What is -185 (base 13) in base 7?
-545
What is 1660 (base 7) in base 8?
1247
Convert -113201 (base 4) to base 10.
-1505
What is -1021 (base 7) in base 4?
-11212
2a34 (base 12) to base 4
1031020
45415 (base 7) to base 9
16727
What is -104202 (base 5) in base 6?
-25005
What is 44a (base 11) in base 15?
25d
What is -4915 (base 11) in base 14?
-24b3
Convert -44 (base 8) to base 12.
-30
Convert -15063 (base 7) to base 2.
-1000001000001
Convert -33010031 (base 4) to base 5.
-3433314
What is -1b1cc (base 14) in base 7?
-405045
13e (base 16) to base 4
10332
Convert 1554 (base 8) to base 11.
727
What is -a33a (base 14) in base 6?
-334000
Convert 9960 (base 13) to base 2.
101001101111100
Convert -4442 (base 5) to base 13.
-38b
Convert -14544 (base 13) to base 7.
-216342
Convert 13311 (base 6) to base 16.
80b
What is -252 (base 9) in base 14?
-10d
Convert -8b60 (base 13) to base 9.
-28681
Convert -31502 (base 6) to base 12.
-2592
Convert -15a (base 12) to base 13.
-136
-35654 (base 9) to base 10
-23863
What is 131 (base 11) in base 15?
a5
Convert -539 (base 10) to base 13.
-326
-1212 (base 9) to base 12
-632
Convert 22025 (base 6) to base 16.
be1
-320113 (base 4) to base 8
-7027
What is 373 (base 9) in base 7?
621
122122 (base 3) to base 13
2a8
What is 5 (base 16) in base 9?
5
14b6 (base 12) to base 14
c66
Convert -3621 (base 11) to base 6.
-33542
1cc7 (base 13) to base 8
10444
What is 200200 (base 4) in base 15?
93a
23002 (base 6) to base 13
1625
3324 (base 7) to base 15
549
Convert -4eb (base 15) to base 9.
-1475
What is 1680 (base 9) in base 12?
8b3
Convert 2a58 (base 15) to base 4.
2031323
-1871 (base 12) to base 14
-111b
-10c (base 13) to base 3
-20201
102110102 (base 3) to base 10
8354
-1098 (base 12) to base 15
-82e
-2354 (base 10) to base 7
-6602
What is 38b (base 14) in base 15?
326
Convert -57b7 (base 13) to base 12.
-7166
Convert 1023210 (base 4) to base 10.
4836
What is 1f96 (base 16) in base 14?
2d38
42a (base 11) to base 15
246
What is 10450 (base 6) in base 16?
5be
What is -1220200220 (base 3) in base 7?
-214611
What is 645 (base 15) in base 8?
2607
What is -152 (base 13) in base 5?
-1421
141 (base 8) to base 2
1100001
-55b (base 16) to base 13
-816
Convert 100551 (base 6) to base 4.
1330303
Convert 8a8 (base 13) to base 9.
2035
Convert 1001101110001 (base 2) to base 7.
20340
8bb9 (base 12) to base 16
3cbd
655 (base 7) to base 5
2314
Convert -3301 (base 6) to base 13.
-463
What is -1202 (base 4) in base 7?
-200
-341 (base 8) to base 13
-144
What is 551 (base 11) in base 4?
22111
-10100000001 (base 2) to base 16
-501
Convert -47 (base 12) to base 5.
-210
What is 1913d (base 15) in base 14?
2189d
Convert 85a (base 13) to base 8.
2623
What is -22325 (base 8) in base 11?
-70a2
Convert -4ba (base 12) to base 7.
-2044
What is -a0bb (base 12) in base 16?
-440f
Convert 1574 (base 9) to base 5.
14301
-123 (base 4) to base 3
-1000
670 (base 10) to base 13
3c7
-104043 (base 5) to base 6
-24520
What is d5 (base 16) in base 15?
e3
Convert ad (base 16) to base 3.
20102
What is -20442 (base 5) in base 14?
-700
Convert 4ab (base 16) to base 7.
3325
Convert -20443 (base 8) to base 10.
-8483
-82 (base 13) to base 11
-97
dd7 (base 16) to base 12
2073
What is 4360 (base 10) in base 5?
114420
Convert -10242 (base 6) to base 11.
-1058
What is 3120 (base 4) in base 16?
d8
What is 2131 (base 4) in base 3?
12211
What is -202220 (base 3) in base 12?
-3b0
Convert -69a4 (base 12) to base 11.
-8947
Convert -45794 (base 11) to base 12.
-32361
1c0 (base 14) to base 2
101101100
Convert -213331 (base 4) to base 3.
-10111201
What is 165d (base 14) in base 12?
2397
3120 (base 5) to base 6
1522
Convert -21245 (base 11) to base 2.
-111100010111000
Convert -33023 (base 6) to base 9.
-6216
160 (base 13) to base 6
1051
Convert -2 (base 12) to base 9.
-2
What is -616 (base 7) in base 14?
-17d
1011 (base 5) to base 15
8b
-102202 (base 3) to base 13
-1b5
What is 909 (base 16) in base 3?
10011200
Convert -329 (base 10) to base 8.
-511
277 (base 11) to base 14
194
1010100110 (base 2) to base 13
402
What is -10110101100 (base 2) in base 13?
-879
-23133133 (base 4) to base 6
-1001531
What is 27143 (base 9) in base 16?
47a9
Convert -11771 (base 9) to base 6.
-100401
Convert -855 (base 10) to base 16.
-357
Convert -17370 (base 12) to base 5.
-2031343
What is -12514 (base 7) in base 14?
-130b
What is 10555 (base 8) in base 12?
26b9
22 (base 11) to base 6
40
What is -1354c (base 15) in base 14?
-1880b
What is 982 (base 11) in base 10?
1179
Convert 24d (base 16) to base 8.
1115
What is 3a10 (base 14) in base 2?
10011111011110
-2015 (base 14) to base 15
-1972
What is 20133 (base 4) in base 7?
1404
-1011111111111 (base 2) to base 11
-4685
Convert -3003032 (base 4) to base 10.
-12494
What is -9ccd (base 14) in base 7?
-142246
10232310 (base 4) to base 9
28523
63203 (base 7) to base 8
36260
What is ab4 (base 12) in base 8?
3050
-3220 (base 5) to base 7
-1161
What is 13425 (base 16) in base 14?
20a69
What is -3221131 (base 4) in base 10?
-14941
1120211 (base 3) to base 7
3241
2463 (base 8) to base 7
3611
What is -206 (base 9) in base 5?
-1133
What is -4241 (base 6) in base 8?
-1701
100111100011011 (base 2) to base 6
233431
-1601 (base 7) to base 5
-10023
Convert 10000000101011 (base 2) to base 11.
6207
Convert -752 (base 16) to base 5.
-24444
Convert 44225 (base 6) to base 4.
1133321
-24786 (base 12) to base 11
-34205
-20221202 (base 3) to base 6
-35245
What is 20103 (base 4) in base 12?
383
-134a (base 12) to base 5
-32333
45a7 (base 14) to base 8
27507
-11111001000000 (base 2) to base 13
-733b
What is 16210 (base 12) in base 2?
111101010101100
What is -634a (base 14) in base 10?
-17118
Convert 93c (base 16) to base 2.
100100111100
Convert 10001101000000 (base 2) to base 3.
110101020
-a61 (base 15) to base 16
-925
Convert 111022112 (base 3) to base 14.
3775
Convert -201001 (base 4) to base 14.
-aad
What is -24131 (base 6) in base 3?
-11211001
Convert -5401 (base 6) to base 11.
-a14
What is 11233 (base 6) in base 15?
720
What is -dd5 (base 14) in base 6?
-20355
What is -53d (base 16) in base 6?
-10113
-2223221 (base 4) to base 3
-120001212
Convert -a34 (base 12) to base 3.
-2000211
What is -515 (base 8) in base 12?
-239
What is -24504 (base 7) in base 6?
-45423
What is -2e2 (base 16) in base 5?
-10423
-2103232 (base 5) to base 16
-8801
Convert 1010100000011 (base 2) to base 6.
40523
Convert 7c0 (base 13) to base 14.
6b9
Convert 1d22 (base 15) to base 9.
8615
What is -64c (base 16) in base 4?
-121030
12202 (base 4) to base 8
642
Convert -73c4 (base 15) to base 6.
-305204
-1101222200 (base 3) to base 2
-110110000101101
What is 121000 (base 3) in base 9?
530
66607 (base 8) to base 10
28039
Convert 52a (base 13) to base 14.
46d
What is -3543 (base 6) in base 15?
-3c0
Convert -1cd (base 15) to base 14.
-21c
What is -1690 (base 15) in base 13?
-229b
Convert a2 (base 13) to base 2.
10000100
What is 36870 (base 9) in base 4?
12003000
Convert -1673 (base 8) to base 11.
-799
-127556 (base 8) to base 10
-44910
What is 310 (base 6) in base 12?
96
Convert -1023131 (base 4) to base 3.
-20121212
What is -774 (base 16) in base 7?
-5364
Convert 714 (base 12) to base 6.
4424
Convert 16914 (base 14) to base 12.
2895a
Convert 106661 (base 7) to base 15.
5a52
-528 (base 11) to base 6
-2535
Convert -682 (base 12) to base 13.
-590
Convert 339 (base 16) to base 7.
2256
Convert -1010010010011011 (base 2) to base 8.
-122233
What is -13003 (base 5) in base 8?
-1753
Convert 2032100 (base 4) to base 13.
41b4
What is -4541 (base 8) in base 15?
-aa1
24054 (base 6) to base 14
13b4
-101314 (base 5) to base 3
-11120111
What is -5912 (base 14) in base 15?
-48d5
-2010120 (base 3) to base 16
-612
What is 12000 (base 3) in base 7?
252
-4623 (base 13) to base 10
-9831
Convert 6564 (base 14) to base 2.
100010001111100
Convert 3453 (base 8) to base 14.
951
-444 (base 